f -g**4/4 - g**3/6 - 6*g. Let u(o) = o**3 + 4*o**2 - 1. Let t be u(-4). Let s be (-1)/(-1 - (-1 - t)). Give p(s).
-4
Let a(y) = -y**3 + 3*y**2 - 2*y + 3. Let k(l) = l**2 - 2*l + 3. Let v be k(2). Suppose i - 3*d + 6 = 0, -3*i + i = -2*d + 4. Let q = v + i. Give a(q).
-3
Let r(b) = -8*b + 1. Let g(h) = -23*h + 3. Let k(l) = 3*g(l) - 8*r(l). Determine k(3).
-14
Let v(m) = -m**2 + 4*m - 6. Let c(s) = s**3 - 10*s**2 + 10*s - 5. Let i be c(9). Determine v(i).
-6
Let v(b) be the third derivative of -b**7/5040 - b**6/144 + b**5/30 - 2*b**2. Let x(q) be the third derivative of v(q). What is x(-6)?
1
Let b(n) = n**2 - 5*n + 5. Let i = 8 + -4. Suppose 0 = -3*j + 15, 0 = -h + i*h - j - 7. Determine b(h).
1
Let c(r) be the second derivative of r**4/12 + 4*r**3/3 + 7*r**2/2 + 12*r. Give c(-6).
-5
Let n(c) = 4*c**2 + 20*c + 3. Let b be n(-5). Let m(h) = 2*h**3 - 2*h**2 - 2*h - 4. Calculate m(b).
26
Let v be ((-6)/27)/(3/18) - -3. Let t(o) be the first derivative of -5*o - 5/2*o**2 - v*o**3 - 1/4*o**4 + 3. Calculate t(-4).
-1
Let l(w) be the second derivative of -w**5/20 - 7*w**4/12 - 5*w**3/3 - 7*w**2/2 + 6*w. What is l(-6)?
17
Let h(a) = -40 + 80 - 35 + a. Give h(8).
13
Suppose a + 2*a = 0. Let z(b) = -b**3 - b - 3. Give z(a).
-3
Let n(g) = -7*g**3 + 7*g + 6. Let t(k) = -6*k**3 + k**2 + 6*k + 5. Let c(m) = -5*n(m) + 6*t(m). What is c(6)?
6
Let d(w) = -w**2 - 8*w - 3. Let b be d(-6). Suppose 0*j - 3*j = -b. Let u(k) = k**3 - k**2 - 3*k + 1. What is u(j)?
10
Let v = 63 - 36. Suppose 2*a + 3 = 5*r + v, 4*r = 2*a - 18. Let h(n) = n**3 + 7*n**2 + 6*n - 6. Give h(r).
-6
Suppose -5*r = -4*d - d - 10, -2*d - 14 = 3*r. Suppose 35 = -0*h + 5*h. Let x(v) = -3*v**2 + 7*v**3 + 5 + h*v + 1 - 8*v**3. What is x(d)?
-6
Let t(k) = -k**2 - 6*k - 2. Let z be t(-5). Let r(a) be the third derivative of 0 - 1/3*a**3 - 4*a**2 - 1/24*a**4 + 0*a. Determine r(z).
-5
Let q(t) = -t + 2. Let h be 12/(-3)*27/12. Let i = 13 + h. Calculate q(i).
-2
Let w(h) be the third derivative of 0*h - 1/15*h**5 + 5/24*h**4 + 1/3*h**3 - 1/120*h**6 + 3*h**2 + 0. Let y = -13 + 8. Determine w(y).
2
Let f(v) = -2*v + 1. Let o be f(3). Let z = o - -2. Let x(n) = n**2 + n - 1. Give x(z).
5
Let x(p) = -6*p**3 + 4*p**2 - 4*p - 9. Let d(i) = 7*i**3 - 4*i**2 + 5*i + 10. Let a(j) = -5*d(j) - 6*x(j). Calculate a(4).
0
Let b(j) = -3*j - 1. Suppose 2*l - 8 = -5*q, -q - 2*l - 2*l - 2 = 0. Suppose 2 = q*c - 3*c. What is b(c)?
5
Let h(v) = 4*v**2 + 3 + 5*v + 0*v**2 + 4*v**2 - 9*v**2. Determine h(5).
3
Suppose 9*h + h - 60 = 0. Let d(r) = -r**2 + 5*r + 5. What is d(h)?
-1
Let v = -21 - -23. Let s(n) = -n + 3. Calculate s(v).
1
Let p(o) be the first derivative of -o**2 + 2*o - 28. What is p(5)?
-8
Suppose -10 = -2*o - 20. Let f(h) = -h**3 - 4*h**2 + 5*h - 5. What is f(o)?
-5
Let c = -8 + 13. Suppose 2*x - c = 7*x. Let s(q) = q**3 + q**2 - q - 1. Determine s(x).
0
Suppose 2*q - x + 0*x - 8 = 0, -2*q + 3*x = 0. Let p(f) = -q + 5 + 3 - 1 + 2*f. What is p(4)?
9
Let o = 7 + -5. Let h(t) = -t**o - 10*t + 2 + 8*t - 3. What is h(-3)?
-4
Let s = 21 + -19. Let y(d) = -2 + d**s - 1 + 2*d + d. Give y(-3).
-3
Let r(j) be the second derivative of -3*j**5/5 + j**4/12 - j**3/3 + j**2/2 + j. Determine r(1).
-12
Suppose -3*w + 13 = -t - 0*t, -3*w = -5*t - 5. Suppose -5*p - 3*j - 30 = 0, -2*j - 15 = w*p + 10. Let q = 0 - p. Let u(v) = -v**2 + 2*v. Give u(q).
-3
Let r(z) = -z**2 + 4*z + 26. Let y be r(8). Let q(k) = k**3 + 6*k**2 + 2*k + 3. Give q(y).
-9
Let j(r) = 5*r - 2. Suppose 1 + 7 = 4*b. Suppose -b*q + 1 = -3. Determine j(q).
8
Let v(o) = -o**3 - o**2 + o - 6. Suppose -2*p + 3*p + 4*l = 8, 0 = -3*p - 2*l + 4. Let b be -2 + 6 + p - 4. What is v(b)?
-6
Let z(u) = -u**2 + 31*u + 35. Let c be z(32). Let p(j) = 4*j**2 - 1 - 4*j**2 - j**2 + 4*j. Give p(c).
2
Let v(m) = -m**3 - 3*m**2 + 4*m - 1. Let l(g) = g**3 + 12*g**2 - 27*g + 10. Let d be l(-14). What is v(d)?
-1
Let r(n) = -n**2 - 2*n + 4. Let u be (-2)/6 + 132/(-36). Give r(u).
-4
Let t(j) = -j + 2. Let y be t(-3). Let s = 8 - y. Let k(n) = -2*n**2 - 2*n - 2*n**2 - 4 + 5 + s*n**2. What is k(2)?
-7
Let j(i) be the second derivative of i**4/12 + i**3 - 5*i**2/2 - 5*i. Let q be -7 + 2/((-6)/(-9)). Give j(q).
-13
Let j(q) = -q - 2. Let u = -4 - -6. Suppose u*p - 1 = -7. Calculate j(p).
1
Let h(c) be the third derivative of -c**4/8 - c**3/6 - 7*c**2. Let i = -6 + 8. What is h(i)?
-7
Let h(r) be the first derivative of r**3/3 - 5*r**2/2 - 3*r - 26. Give h(6).
3
Let m = 154 + -151. Let p(i) = -i**2 + 6*i - 4 + 4*i - 5*i. What is p(m)?
2
Let c(x) = 3*x**2 - 6*x - 1. Let s(o) = o**2 + 1. Let i(t) = -c(t) + 2*s(t). Calculate i(5).
8
Let r(d) be the third derivative of d**4/12 - d**3/2 - d**2. Determine r(4).
5
Let a(k) = -k**2 - k - 6. Let b be 2/(-11) - 4/(-22). Give a(b).
-6
Let w(j) = -j - 79 + 79. Calculate w(1).
-1
Let j(t) = 4*t**2 - 11*t + 1. Let l(y) = 3*y**2 - 10*y + 1. Let b(x) = 2*j(x) - 3*l(x). Give b(6).
11
Let q(i) = -i**3 - 2*i**2 - 3*i - 2. Suppose 6 = -4*a + 30. Let c = -8 + a. Give q(c).
4
Let y = -1 + 6. Let w(o) be the second derivative of o**7/2520 - o**6/120 + o**5/60 - o**4/6 - 4*o. Let u(m) be the third derivative of w(m). Determine u(y).
-3
Let p(f) = 6*f**3 + 4*f**2 - 9*f + 10. Let k(w) = 5*w**3 + 4*w**2 - 8*w + 9. Let r(m) = -7*k(m) + 6*p(m). Calculate r(3).
-6
Let i(w) = 6*w + 4 + 1 - 2. Let s = 41 - 43. What is i(s)?
-9
Let i be (4 - 3)/((-4)/8). Let h be ((-10)/6)/(i/6). Let b(l) = -l**3 + 4*l**2 + 4*l + 3. Calculate b(h).
-2
Suppose -12 = -5*c + c. Suppose y - c = -4*h + 5, 3*y = -12. Let i(d) be the second derivative of d**4/6 - d**3/3 - 2*d**2 - 3*d. Calculate i(h).
8
Let h be (-8)/6*(-9)/(-6). Let o(i) be the second derivative of 0 + i**2 + 1/4*i**4 - 7*i + 1/3*i**3 + 1/20*i**5. Give o(h).
2
Let j(x) = -2 + x - 2 + 3 - x**2. Suppose 0*q = q + 5*y - 22, 0 = -5*q + 4*y - 6. What is j(q)?
-3
Suppose 7*f - 36 = f. Let c(t) = t**3 - 7*t**2 + 9*t - 4. Calculate c(f).
14
Let z(f) = -5*f + 0*f + 0*f**2 + f**2 + 0*f**2. Determine z(6).
6
Let q = -12 - -7. Let n(l) be the second derivative of -l**5/20 - 5*l**4/12 - 5*l**2/2 - 19*l. Determine n(q).
-5
Let n(b) = -b**3 + 5*b**2 + 8*b - 8. Let c(f) = -f**2 - 3*f + 2. Let r be c(-3). Let y be (24/(-10))/((-4)/40). Suppose r*t + y = 6*t. Determine n(t).
4
Let x(k) = 27 - k**2 - 20 + 2*k**2 - 5*k. Give x(5).
7
Let l = 68 + -72. Let r(a) = -a**3 - 4*a**2 + 4*a - 1. Give r(l).
-17
Let g = 50 + -29. Let u = g + -21. Let i(n) = -n**3 - n + 9. Give i(u).
9
Let o(r) = -r + 12. Let c be o(8). Suppose -2*d - c*m - 4 = -0*d, -2*d = 2*m - 2. Suppose -s - 7 = -d*q, -2*q - q - 4*s = 9. Let y(f) = -2*f**3 - f. Give y(q).
-3
Let c(a) = -4*a**2 - a + 2. Let h be (1 + -1)/(-3 - -1). Let o = h - 2. Give c(o).
-12
Suppose -10 = -2*k - 3*k. Let z(n) = n**2 - 6*n + 3. Let h(p) = -3*p**2 + 11*p - 5. Let o(s) = 3*h(s) + 5*z(s). Calculate o(k).
-10
Suppose -5*l + 1 = -9. Let x(t) = 3 - 2*t + t + 0*t - t**2 - l. Determine x(1).
-1
Let c(a) = 1 + 2 - 3 - 2*a - 3. Let d(f) be the third derivative of f**4/12 + 2*f**3/3 - 3*f**2. Let l(i) = 4*c(i) + 3*d(i). What is l(-5)?
10
Suppose 0 = -3*t - 66 - 15. Let o = t - -28. Let h(a) = -a. Let z(s) = s. Let q(n) = 7*h(n) + 6*z(n). Determine q(o).
-1
Let p = -12 - -14. Let y(g) = 0 - 1 + p*g + 1. Calculate y(1).
2
Suppose 0 = 10*h - 6*h - 12. Let y(j) = j**2. Calculate y(h).
9
Let x(n) = -2*n + 2*n - 4*n + 3*n + 1. Give x(1).
0
Let k = 6 - 0. Suppose 5*u = -5*l - 10, -k = u + 3*l + 4. Let y(a) = -a + 4. Calculate y(u).
2
Suppose -2*u - 5 = -3*o - 0*u, 4*u + 16 = 0. Let k(r) = 4*r**2 + r + 1. Determine k(o).
4
Let b(w) be the third derivative of -w**3 + 0*w + 0 + 7/24*w**4 + 1/30*w**5 - 1/120*w**6 - w**2. Determine b(4).
-10
Let g(a) be the second derivative of 0 + 2*a**2 - 5/6*a**3 - 3*a - 1/12*a**4. What is g(-5)?
4
Let c(r) = 3*r - 4 + 4. Let m be 12/(-42) - 24/14. Calculate c(m).
-6
Let w(h) = 2*h**3 + h**2 + 4*h - 5. Let u be 0 + (2 - 5)*1. Let c(a) = -a**3 - 2*a + 3. Let l(v) = u*w(v) - 5*c(v). Calculate l(-3).
6
Let c be 12/7 + (-12)/(-42). Let q(t) = -t**2 + t**2 + 2*t - t**3 - t**c. Calculate q(2).
-8
Let n(r) = 5*r**2 + r - 2. Let o(g) = g**2 - g. Let h(c) = -n(c) + 2*o(c). Calculate h(-3).
-16
Let o(a) = 4*a + 1. Let d(s) = s. Let i(n) = -3*d(n) + o(n). Let q(w) = 2*w**2 + 2*w - 4. Let c be q(-3